 is divided by 20.
6
Let m = 39 - 16. Let a(p) = p**2 + 14*p - 6. Calculate the remainder when m is divided by a(-15).
5
What is the remainder when 16/(-20) - 2276/(-20) is divided by 38?
37
Let d = 52 - -6. Let x(q) = 5*q - 45. What is the remainder when d is divided by x(12)?
13
Let z(m) = m**2 + m - 2. Let k be (-15)/(-20)*2*(4 - 2). What is the remainder when 47 is divided by z(k)?
7
Let g = 87 + -74. Calculate the remainder when g is divided by 10.
3
Let u = -30 - -18. Let o be 298/3 - 8/u. Suppose -5*z = 40 - o. Calculate the remainder when 22 is divided by z.
10
Let h(j) = j - 7. Let a be h(5). Let z = -2 - a. Suppose z = -4*p + 228 - 56. Calculate the remainder when p is divided by 15.
13
Suppose 109 = 10*x - 151. Calculate the remainder when 140 is divided by x.
10
Suppose -5*n = -5 - 55. Suppose 0*u + 233 = u. Suppose -7*r = -u - 82. Calculate the remainder when r is divided by n.
9
Let h(d) = d**2 + 3*d - 10. Let g be h(5). Suppose g = 2*k - 5*k + 4*t, -5*k - 2*t = 76. Let w = k - -24. What is the remainder when 18 is divided by w?
8
Let i be (1 - 9/7) + (-177)/(-7). Let j = i - -44. What is the remainder when j is divided by 18?
15
Let a(k) = -k + 21. Let f be a(8). Let o(z) = -z + 15. Let i be o(f). Suppose i*x - 4*x + 68 = 0. Calculate the remainder when x is divided by 9.
7
Let s = 50 - -9. Suppose -s = -3*j - 4*d, -4*j + 35 = -2*d - 29. What is the remainder when 116 is divided by j?
14
Suppose -600 = -33*n + 18*n. Calculate the remainder when 105 is divided by n.
25
Let s(r) = 11*r**2 + r. Let z = 15 + -12. Suppose 4*q = 133 + z. Calculate the remainder when q is divided by s(1).
10
Suppose -11*x = 539 - 8503. What is the remainder when x is divided by 25?
24
Suppose -5*a = -n - 188, a + a = -5*n + 86. Let c = a + -34. What is the remainder when 9 is divided by c?
1
Let b(h) be the second derivative of 2*h**3/3 - 43*h**2/2 + 23*h. Calculate the remainder when b(20) is divided by 13.
11
Suppose -3*r + 90 = 2*r. Suppose -h = -r - 12. Let x(m) = m. Calculate the remainder when h is divided by x(11).
8
Let s = 128 - 93. Suppose 0 = -s*c + 30*c + 110. What is the remainder when 41 is divided by c?
19
Let l = 341 + -133. Calculate the remainder when l is divided by 42.
40
Suppose 0*r - 5*g = 3*r - 138, 4*g = 4*r - 152. Calculate the remainder when 86 is divided by r + (3 - 2 - -2).
42
Let l = 38 - 70. Let s = l + 44. Calculate the remainder when 31 is divided by s.
7
Suppose -2*r = -i - 219 - 224, -3*r = -i - 665. Calculate the remainder when r is divided by 9.
6
Suppose -35*f - 20 + 265 = 0. Calculate the remainder when 17 is divided by f.
3
Suppose 35 = 5*j + 5*y, 4*j + 7 = -0*j + 3*y. Suppose -3*k = -j - 13. Calculate the remainder when ((-4)/6)/((-60)/1710) is divided by k.
4
Suppose 9*t + 96 = 11*t. Calculate the remainder when (-122)/4*4/(-2) is divided by (t/(-10))/(-6)*20.
13
Calculate the remainder when (184/6)/(8*(-15)/(-2340)) is divided by 24.
22
Let u = 22 + -9. Let k = u + -36. Let b = k + 61. Calculate the remainder when b is divided by 13.
12
Suppose -390 + 378 = -x. What is the remainder when 44 is divided by x?
8
Let r = -53 + 178. Suppose 0 = 5*x + 4*w - 154, 3*x + x + 5*w - r = 0. Suppose -3*t + x = 2*t. Calculate the remainder when 16 is divided by t.
4
Let q be ((-1)/2)/((-2)/12). Suppose 9 = q*c - 6. Suppose -j + 4 = h, 13 = h + 5*j + c. Calculate the remainder when h is divided by 1.
0
Calculate the remainder when -1*(3 - 229) - (-8)/(-2) is divided by 78.
66
Let n(g) be the first derivative of -2 - 3*g - 3/2*g**2. Calculate the remainder when 35 is divided by n(-5).
11
Let g be ((-35)/10 + 3)*-10. Suppose 0 = -q + 3*j + 170, -g*j - 1 = -6. What is the remainder when q is divided by 44?
41
Let j = -24 - -35. What is the remainder when (13*1)/(33/165) is divided by j?
10
Suppose 4*l - 2*r = 12, -5*l = -l + 4*r. Suppose -5*d + 4*u = -2*d - 21, 4*d - 38 = l*u. Calculate the remainder when d is divided by 5.
1
Let n be (4/(-14))/((-1)/7). Suppose 3*c - 3*k = n*k + 129, -3*c - 2*k + 108 = 0. Let s = c + 57. What is the remainder when s is divided by 24?
23
What is the remainder when (-1)/((-578)/(-290) - 2) is divided by 23?
7
Calculate the remainder when 130 is divided by (-14*2/(-8)*-14)/(-1).
32
Suppose -3*c = -5*c + 356. Suppose -30 - c = -8*l. Calculate the remainder when 51 is divided by l.
25
Let x = 136 - 128. Calculate the remainder when 36 is divided by x.
4
What is the remainder when 68/(-6)*((-99)/(-2))/(-11) is divided by 29?
22
Suppose -4088 = -36*q + 2680. What is the remainder when q is divided by 48?
44
Let o be -3 - 1 - 6/7*7. Calculate the remainder when 135 is divided by (-338)/o + (-96)/(-30) + -3.
33
Let k = -49 + 79. Calculate the remainder when 417 is divided by k.
27
Let g be (2 - 16)/1 + 3. Let p = g + 19. Calculate the remainder when 0 - -13 - 2/(-8)*-4 is divided by p.
4
Calculate the remainder when 6 is divided by ((-42)/49)/(6/(-42)).
0
Let l = -262 - -311. Calculate the remainder when l is divided by 3.
1
Let j = -343 + 368. What is the remainder when 59 is divided by j?
9
Let s = 7 + -3. Suppose -k = 2*w - 2 - 24, -3*k = s*w - 72. Let z(p) = 6*p + 3. Calculate the remainder when z(6) is divided by k.
19
Let i(s) = 5*s + 10. What is the remainder when i(12) is divided by 12?
10
Suppose 2*u = 3*i - 4 + 15, 4*i + 11 = -u. Let m(c) = -c**2 - 33*c - 219. Let v be m(-23). Suppose -2*d = u - v. What is the remainder when 23 is divided by d?
3
Let r be -2 - (12/(-4) - -9). Calculate the remainder when 18 is divided by r/4 + 42/6.
3
Let y = 325 + -289. What is the remainder when 106 is divided by y?
34
Suppose 142 = m - s, -2*s = 4*m - 221 - 365. Let f = 186 - m. Calculate the remainder when f is divided by 22.
19
Suppose -3*l + 10688 = 29*l. What is the remainder when l is divided by 24?
22
Suppose 0 = 7*s - 22 - 76. Calculate the remainder when 38 is divided by s.
10
Let g = 13 + 25. Suppose -4*b + b = -90. Let p = b + -10. Calculate the remainder when g is divided by p.
18
Let s(b) = b**2 - 6. Let h be s(4). Suppose 4*p = -2*g - 406, -4*g + h = -2*g. Let i = -74 - p. Calculate the remainder when i is divided by 11.
8
Let m(l) = 2*l - 15. Let i be m(10). Suppose 0 = 5*v - 4*b - 57, -5*v = -i*b - 67 + 7. Calculate the remainder when 33 is divided by v.
6
Let j = -876 - -969. What is the remainder when 649 is divided by j?
91
Let q(d) = 9*d + 209. What is the remainder when q(27) is divided by 35?
32
Let y(o) = 3*o + 48. Let v = -2 + 2. What is the remainder when (-3 - (v + -38)) + -1 is divided by y(-10)?
16
Calculate the remainder when 17/(1/6 - 150/1980) is divided by 19.
16
Let k = -24 + 27. Suppose 2*u = -k*u + 30. Suppose -4*l - 1 = -89. What is the remainder when l is divided by u?
4
Suppose 207 = 5*n + 82. Calculate the remainder when (-1)/4 - (-1479)/12 is divided by n.
23
Let i(o) = 7*o - 38. Let x(f) = -13*f + 76. Let r(m) = 11*i(m) + 6*x(m). What is the remainder when r(11) is divided by 7?
6
Let f(i) = 0*i - 13*i - 5*i. Let q be f(-3). Suppose -2*l + 4 = -q. Calculate the remainder when l is divided by 8.
5
Let a(f) = -12*f**3 - f**2 + f - 4. Calculate the remainder when a(-3) is divided by 31.
29
Let y(c) = 8*c**2 - 4*c - 2. Suppose -141 = 10*d - 501. What is the remainder when y(-4) is divided by d?
34
Suppose -5*k + 105 = -c, 2*k + 3*k - 115 = 3*c. What is the remainder when k is divided by 5?
0
Let s = 238 - 231. Calculate the remainder when 29 is divided by s.
1
Suppose 54 = 4*r - 2*r. Let n = 57 + -36. Let h = r - n. What is the remainder when h is divided by 2?
0
Suppose -g - 2*r + 22 = -0*g, 0 = 5*r. Let q(u) = u + 1. Calculate the remainder when g is divided by q(5).
4
Let g be (1 - -25)/(2/3). Suppose -2*z - g + 105 = 0. Calculate the remainder when z is divided by 9.
6
What is the remainder when 118 is divided by -1*2/17 - (-20700)/2550?
6
Let j(w) = 2*w - 11. Let p(r) = -r - 1. Calculate the remainder when p(-7) is divided by j(8).
1
Suppose s - 32 = 9*s. Let x(p) = -p + 5. Calculate the remainder when 16 is divided by x(s).
7
Let r(b) = b**3 + 9*b**2 - b. Suppose 5*o + h = -94, -4*h - 72 = 4*o - 0*h. Let t = o + 53. What is the remainder when t is divided by r(-9)?
7
Let o be (-1)/3 + (-10)/(-3). Suppose -2*t = o*t. Suppose t*n - n = -36. Calculate the remainde